{"id":2908,"date":"2024-01-23T14:56:20","date_gmt":"2024-01-23T13:56:20","guid":{"rendered":"https:\/\/www.premioborciani.it\/?post_type=quartetto&#038;p=2908"},"modified":"2024-01-23T15:59:32","modified_gmt":"2024-01-23T14:59:32","slug":"moser-quartet","status":"publish","type":"quartetto","link":"https:\/\/www.premioborciani.it\/en\/quartetto\/moser-quartet\/","title":{"rendered":"Moser Quartet"},"content":{"rendered":"\n<p><strong>Kanon Miyashita, <em>violin<\/em>&nbsp;<br>Patricia Muro Francia, <em>violin<\/em>&nbsp;<br>Ariadna Bataller Calatayud, <em>viola<\/em>&nbsp;<br>Lea Galasso, <em>cello<\/em>&nbsp;<\/strong><\/p>\n\n\n\n<h2 class=\"has-text-align-center wp-block-heading\">Biography<\/h2>\n\n\n\n<p>After only three years since their path started, <strong>Moser Quartet<\/strong> has been awarded 1st Prize in the International Competition Gran Premi Musical Lauredi\u00e0, 2nd Prize in the Orpheus Swiss Chamber Music Competition and recently the Special Award \u201cAmbassador Ensemble of the Osaka International Chamber Music Competition 2023\u201d. The Quartet has also been selected to participate in Concours de G\u00e8neve in October 2023. Moreover, Moser Quartet has appeared in numerous international festivals such as Trame Sonore Chamber Music Festival, MonteLe\u00f3n International Chamber Music Festival, and Ernen Musikdorf Festival.\u00a0 As a Swiss-based ensemble, Moser Quartet is very enthusiastic about performing contemporary pieces especially by Swiss composers, which has led them to win 3rd Prize in the Concours Nicati (Switzerland). They made their debut at Stadtcasino Basel, performing Dieter Ammann\u2019s \u201cDistanzenquartett\u201d, and premiered Verena Weinmann\u2019s \u201cWe are ______.\u201d, composed for Moser Quartet, in Swiss Chamber Music Festival.\u00a0Moser Quartet is mentored by Rainer Schmidt, Silvia Simionescu, Anton Kernjak, Anna Gebert, and Genevi\u00e8ve Strosser at Hochschule f\u00fcr Musik, Basel. They have also been under the tutelage of renowned musicians including Cuarteto Casals, Quatuor \u00c9b\u00e8ne, Alban Berg Quartett, Heime M\u00fcller, Eberhard Feltz and Johannes Meissl. For the season 2023-24, Moser String Quartet is in residence at ProQuartet &#8211; Centre Europ\u00e9en de Musique de Chambre.\u00a0<\/p>\n\n\n\n<div class=\"wp-block-buttons is-layout-flex wp-block-buttons-is-layout-flex\">\n<div class=\"wp-block-button\"><a class=\"wp-block-button__link has-background\" href=\"https:\/\/www.moserstringquartet.com\/\" style=\"background-color:#101010\">link to Moser Quartet website<\/a><\/div>\n<\/div>\n\n\n\n<p><\/p>\n","protected":false},"featured_media":2927,"template":"","acf":[],"yoast_head":"<!-- This site is optimized with the Yoast SEO plugin v24.5 - https:\/\/yoast.com\/wordpress\/plugins\/seo\/ -->\n<title>Moser Quartet - Premio Borciani<\/title>\n<meta name=\"robots\" content=\"noindex, follow\" \/>\n<meta property=\"og:locale\" content=\"en_US\" \/>\n<meta property=\"og:type\" content=\"article\" \/>\n<meta property=\"og:title\" content=\"Moser Quartet - Premio Borciani\" \/>\n<meta property=\"og:description\" content=\"Kanon Miyashita, violin&nbsp;Patricia Muro Francia, violin&nbsp;Ariadna Bataller Calatayud, viola&nbsp;Lea Galasso, cello&nbsp; Biography After only three years since their path started, Moser Quartet has been awarded 1st Prize in the International Competition Gran Premi Musical Lauredi\u00e0, 2nd Prize in the Orpheus Swiss Chamber Music Competition and recently the Special Award \u201cAmbassador Ensemble of the Osaka International [&hellip;]\" \/>\n<meta property=\"og:url\" content=\"https:\/\/www.premioborciani.it\/quartetto\/quartetto-moser\/\" \/>\n<meta property=\"og:site_name\" content=\"Premio Borciani\" \/>\n<meta property=\"article:publisher\" content=\"https:\/\/www.facebook.com\/iteatri\" \/>\n<meta property=\"article:modified_time\" content=\"2024-01-23T14:59:32+00:00\" \/>\n<meta property=\"og:image\" content=\"https:\/\/www.premioborciani.it\/wp-content\/uploads\/moser-quartet-2ok-1024x539.png\" \/>\n\t<meta property=\"og:image:width\" content=\"1024\" \/>\n\t<meta property=\"og:image:height\" content=\"539\" \/>\n\t<meta property=\"og:image:type\" content=\"image\/png\" \/>\n<meta name=\"twitter:card\" content=\"summary_large_image\" \/>\n<meta name=\"twitter:label1\" content=\"Est. reading time\" \/>\n\t<meta name=\"twitter:data1\" content=\"1 minute\" \/>\n<script type=\"application\/ld+json\" class=\"yoast-schema-graph\">{\"@context\":\"https:\/\/schema.org\",\"@graph\":[{\"@type\":\"WebPage\",\"@id\":\"https:\/\/www.premioborciani.it\/quartetto\/quartetto-moser\/\",\"url\":\"https:\/\/www.premioborciani.it\/quartetto\/quartetto-moser\/\",\"name\":\"Moser Quartet - Premio Borciani\",\"isPartOf\":{\"@id\":\"https:\/\/www.premioborciani.it\/#website\"},\"primaryImageOfPage\":{\"@id\":\"https:\/\/www.premioborciani.it\/quartetto\/quartetto-moser\/#primaryimage\"},\"image\":{\"@id\":\"https:\/\/www.premioborciani.it\/quartetto\/quartetto-moser\/#primaryimage\"},\"thumbnailUrl\":\"https:\/\/www.premioborciani.it\/wp-content\/uploads\/moser-quartet-2ok.png\",\"datePublished\":\"2024-01-23T13:56:20+00:00\",\"dateModified\":\"2024-01-23T14:59:32+00:00\",\"breadcrumb\":{\"@id\":\"https:\/\/www.premioborciani.it\/quartetto\/quartetto-moser\/#breadcrumb\"},\"inLanguage\":\"en-US\",\"potentialAction\":[{\"@type\":\"ReadAction\",\"target\":[\"https:\/\/www.premioborciani.it\/quartetto\/quartetto-moser\/\"]}]},{\"@type\":\"ImageObject\",\"inLanguage\":\"en-US\",\"@id\":\"https:\/\/www.premioborciani.it\/quartetto\/quartetto-moser\/#primaryimage\",\"url\":\"https:\/\/www.premioborciani.it\/wp-content\/uploads\/moser-quartet-2ok.png\",\"contentUrl\":\"https:\/\/www.premioborciani.it\/wp-content\/uploads\/moser-quartet-2ok.png\",\"width\":2540,\"height\":1338},{\"@type\":\"BreadcrumbList\",\"@id\":\"https:\/\/www.premioborciani.it\/quartetto\/quartetto-moser\/#breadcrumb\",\"itemListElement\":[{\"@type\":\"ListItem\",\"position\":1,\"name\":\"Home\",\"item\":\"https:\/\/www.premioborciani.it\/en\/\"},{\"@type\":\"ListItem\",\"position\":2,\"name\":\"Quartetti\",\"item\":\"https:\/\/www.premioborciani.it\/en\/quartetto\/\"},{\"@type\":\"ListItem\",\"position\":3,\"name\":\"Moser Quartet\"}]},{\"@type\":\"WebSite\",\"@id\":\"https:\/\/www.premioborciani.it\/#website\",\"url\":\"https:\/\/www.premioborciani.it\/\",\"name\":\"Premio Borciani\",\"description\":\"Sito del Premio Borciani\",\"publisher\":{\"@id\":\"https:\/\/www.premioborciani.it\/#organization\"},\"potentialAction\":[{\"@type\":\"SearchAction\",\"target\":{\"@type\":\"EntryPoint\",\"urlTemplate\":\"https:\/\/www.premioborciani.it\/?s={search_term_string}\"},\"query-input\":{\"@type\":\"PropertyValueSpecification\",\"valueRequired\":true,\"valueName\":\"search_term_string\"}}],\"inLanguage\":\"en-US\"},{\"@type\":\"Organization\",\"@id\":\"https:\/\/www.premioborciani.it\/#organization\",\"name\":\"Premio Borciani - Concorso Internazionale\",\"url\":\"https:\/\/www.premioborciani.it\/\",\"logo\":{\"@type\":\"ImageObject\",\"inLanguage\":\"en-US\",\"@id\":\"https:\/\/www.premioborciani.it\/#\/schema\/logo\/image\/\",\"url\":\"https:\/\/www.premioborciani.it\/wp-content\/uploads\/logo-premio-borciani.svg\",\"contentUrl\":\"https:\/\/www.premioborciani.it\/wp-content\/uploads\/logo-premio-borciani.svg\",\"width\":59,\"height\":134,\"caption\":\"Premio Borciani - Concorso Internazionale\"},\"image\":{\"@id\":\"https:\/\/www.premioborciani.it\/#\/schema\/logo\/image\/\"},\"sameAs\":[\"https:\/\/www.facebook.com\/iteatri\",\"https:\/\/www.instagram.com\/iteatri_reggioemilia\/\",\"https:\/\/www.youtube.com\/channel\/UCbPA7Pip_KvV6qwnTZePiaw\"]}]}<\/script>\n<!-- \/ Yoast SEO plugin. -->","yoast_head_json":{"title":"Moser Quartet - Premio Borciani","robots":{"index":"noindex","follow":"follow"},"og_locale":"en_US","og_type":"article","og_title":"Moser Quartet - Premio Borciani","og_description":"Kanon Miyashita, violin&nbsp;Patricia Muro Francia, violin&nbsp;Ariadna Bataller Calatayud, viola&nbsp;Lea Galasso, cello&nbsp; Biography After only three years since their path started, Moser Quartet has been awarded 1st Prize in the International Competition Gran Premi Musical Lauredi\u00e0, 2nd Prize in the Orpheus Swiss Chamber Music Competition and recently the Special Award \u201cAmbassador Ensemble of the Osaka International [&hellip;]","og_url":"https:\/\/www.premioborciani.it\/quartetto\/quartetto-moser\/","og_site_name":"Premio Borciani","article_publisher":"https:\/\/www.facebook.com\/iteatri","article_modified_time":"2024-01-23T14:59:32+00:00","og_image":[{"width":1024,"height":539,"url":"https:\/\/www.premioborciani.it\/wp-content\/uploads\/moser-quartet-2ok-1024x539.png","type":"image\/png"}],"twitter_card":"summary_large_image","twitter_misc":{"Est. reading time":"1 minute"},"schema":{"@context":"https:\/\/schema.org","@graph":[{"@type":"WebPage","@id":"https:\/\/www.premioborciani.it\/quartetto\/quartetto-moser\/","url":"https:\/\/www.premioborciani.it\/quartetto\/quartetto-moser\/","name":"Moser Quartet - Premio Borciani","isPartOf":{"@id":"https:\/\/www.premioborciani.it\/#website"},"primaryImageOfPage":{"@id":"https:\/\/www.premioborciani.it\/quartetto\/quartetto-moser\/#primaryimage"},"image":{"@id":"https:\/\/www.premioborciani.it\/quartetto\/quartetto-moser\/#primaryimage"},"thumbnailUrl":"https:\/\/www.premioborciani.it\/wp-content\/uploads\/moser-quartet-2ok.png","datePublished":"2024-01-23T13:56:20+00:00","dateModified":"2024-01-23T14:59:32+00:00","breadcrumb":{"@id":"https:\/\/www.premioborciani.it\/quartetto\/quartetto-moser\/#breadcrumb"},"inLanguage":"en-US","potentialAction":[{"@type":"ReadAction","target":["https:\/\/www.premioborciani.it\/quartetto\/quartetto-moser\/"]}]},{"@type":"ImageObject","inLanguage":"en-US","@id":"https:\/\/www.premioborciani.it\/quartetto\/quartetto-moser\/#primaryimage","url":"https:\/\/www.premioborciani.it\/wp-content\/uploads\/moser-quartet-2ok.png","contentUrl":"https:\/\/www.premioborciani.it\/wp-content\/uploads\/moser-quartet-2ok.png","width":2540,"height":1338},{"@type":"BreadcrumbList","@id":"https:\/\/www.premioborciani.it\/quartetto\/quartetto-moser\/#breadcrumb","itemListElement":[{"@type":"ListItem","position":1,"name":"Home","item":"https:\/\/www.premioborciani.it\/en\/"},{"@type":"ListItem","position":2,"name":"Quartetti","item":"https:\/\/www.premioborciani.it\/en\/quartetto\/"},{"@type":"ListItem","position":3,"name":"Moser Quartet"}]},{"@type":"WebSite","@id":"https:\/\/www.premioborciani.it\/#website","url":"https:\/\/www.premioborciani.it\/","name":"Premio Borciani","description":"Sito del Premio Borciani","publisher":{"@id":"https:\/\/www.premioborciani.it\/#organization"},"potentialAction":[{"@type":"SearchAction","target":{"@type":"EntryPoint","urlTemplate":"https:\/\/www.premioborciani.it\/?s={search_term_string}"},"query-input":{"@type":"PropertyValueSpecification","valueRequired":true,"valueName":"search_term_string"}}],"inLanguage":"en-US"},{"@type":"Organization","@id":"https:\/\/www.premioborciani.it\/#organization","name":"Premio Borciani - Concorso Internazionale","url":"https:\/\/www.premioborciani.it\/","logo":{"@type":"ImageObject","inLanguage":"en-US","@id":"https:\/\/www.premioborciani.it\/#\/schema\/logo\/image\/","url":"https:\/\/www.premioborciani.it\/wp-content\/uploads\/logo-premio-borciani.svg","contentUrl":"https:\/\/www.premioborciani.it\/wp-content\/uploads\/logo-premio-borciani.svg","width":59,"height":134,"caption":"Premio Borciani - Concorso Internazionale"},"image":{"@id":"https:\/\/www.premioborciani.it\/#\/schema\/logo\/image\/"},"sameAs":["https:\/\/www.facebook.com\/iteatri","https:\/\/www.instagram.com\/iteatri_reggioemilia\/","https:\/\/www.youtube.com\/channel\/UCbPA7Pip_KvV6qwnTZePiaw"]}]}},"_links":{"self":[{"href":"https:\/\/www.premioborciani.it\/en\/wp-json\/wp\/v2\/quartetto\/2908"}],"collection":[{"href":"https:\/\/www.premioborciani.it\/en\/wp-json\/wp\/v2\/quartetto"}],"about":[{"href":"https:\/\/www.premioborciani.it\/en\/wp-json\/wp\/v2\/types\/quartetto"}],"wp:featuredmedia":[{"embeddable":true,"href":"https:\/\/www.premioborciani.it\/en\/wp-json\/wp\/v2\/media\/2927"}],"wp:attachment":[{"href":"https:\/\/www.premioborciani.it\/en\/wp-json\/wp\/v2\/media?parent=2908"}],"curies":[{"name":"wp","href":"https:\/\/api.w.org\/{rel}","templated":true}]}}

<p><strong>Kanon Miyashita, <em>violin</em>&nbsp;<br>Patricia Muro Francia, <em>violin</em>&nbsp;<br>Ariadna Bataller Calatayud, <em>viola</em>&nbsp;<br>Lea Galasso, <em>cello</em>&nbsp;</strong></p>



<h2 class="has-text-align-center wp-block-heading">Biography</h2>



<p>After only three years since their path started, <strong>Moser Quartet</strong> has been awarded 1st Prize in the International Competition Gran Premi Musical Lauredià, 2nd Prize in the Orpheus Swiss Chamber Music Competition and recently the Special Award “Ambassador Ensemble of the Osaka International Chamber Music Competition 2023”. The Quartet has also been selected to participate in Concours de Gèneve in October 2023. Moreover, Moser Quartet has appeared in numerous international festivals such as Trame Sonore Chamber Music Festival, MonteLeón International Chamber Music Festival, and Ernen Musikdorf Festival.  As a Swiss-based ensemble, Moser Quartet is very enthusiastic about performing contemporary pieces especially by Swiss composers, which has led them to win 3rd Prize in the Concours Nicati (Switzerland). They made their debut at Stadtcasino Basel, performing Dieter Ammann’s “Distanzenquartett”, and premiered Verena Weinmann’s “We are ______.”, composed for Moser Quartet, in Swiss Chamber Music Festival. Moser Quartet is mentored by Rainer Schmidt, Silvia Simionescu, Anton Kernjak, Anna Gebert, and Geneviève Strosser at Hochschule für Musik, Basel. They have also been under the tutelage of renowned musicians including Cuarteto Casals, Quatuor Ébène, Alban Berg Quartett, Heime Müller, Eberhard Feltz and Johannes Meissl. For the season 2023-24, Moser String Quartet is in residence at ProQuartet &#8211; Centre Européen de Musique de Chambre. </p>



<div class="wp-block-buttons is-layout-flex wp-block-buttons-is-layout-flex">
<div class="wp-block-button"><a class="wp-block-button__link has-background" href="https://www.moserstringquartet.com/" style="background-color:#101010">link to Moser Quartet website</a></div>
</div>



<p></p>

<!-- This site is optimized with the Yoast SEO plugin v24.5 - https://yoast.com/wordpress/plugins/seo/ -->
<title>Moser Quartet - Premio Borciani</title>
<meta name="robots" content="noindex, follow" />
<meta property="og:locale" content="en_US" />
<meta property="og:type" content="article" />
<meta property="og:title" content="Moser Quartet - Premio Borciani" />
<meta property="og:description" content="Kanon Miyashita, violin&nbsp;Patricia Muro Francia, violin&nbsp;Ariadna Bataller Calatayud, viola&nbsp;Lea Galasso, cello&nbsp; Biography After only three years since their path started, Moser Quartet has been awarded 1st Prize in the International Competition Gran Premi Musical Lauredià, 2nd Prize in the Orpheus Swiss Chamber Music Competition and recently the Special Award “Ambassador Ensemble of the Osaka International [&hellip;]" />
<meta property="og:url" content="https://www.premioborciani.it/quartetto/quartetto-moser/" />
<meta property="og:site_name" content="Premio Borciani" />
<meta property="article:publisher" content="https://www.facebook.com/iteatri" />
<meta property="article:modified_time" content="2024-01-23T14:59:32+00:00" />
<meta property="og:image" content="https://www.premioborciani.it/wp-content/uploads/moser-quartet-2ok-1024x539.png" />
	<meta property="og:image:width" content="1024" />
	<meta property="og:image:height" content="539" />
	<meta property="og:image:type" content="image/png" />
<meta name="twitter:card" content="summary_large_image" />
<meta name="twitter:label1" content="Est. reading time" />
	<meta name="twitter:data1" content="1 minute" />
<script type="application/ld+json" class="yoast-schema-graph">{"@context":"https://schema.org","@graph":[{"@type":"WebPage","@id":"https://www.premioborciani.it/quartetto/quartetto-moser/","url":"https://www.premioborciani.it/quartetto/quartetto-moser/","name":"Moser Quartet - Premio Borciani","isPartOf":{"@id":"https://www.premioborciani.it/#website"},"primaryImageOfPage":{"@id":"https://www.premioborciani.it/quartetto/quartetto-moser/#primaryimage"},"image":{"@id":"https://www.premioborciani.it/quartetto/quartetto-moser/#primaryimage"},"thumbnailUrl":"https://www.premioborciani.it/wp-content/uploads/moser-quartet-2ok.png","datePublished":"2024-01-23T13:56:20+00:00","dateModified":"2024-01-23T14:59:32+00:00","breadcrumb":{"@id":"https://www.premioborciani.it/quartetto/quartetto-moser/#breadcrumb"},"inLanguage":"en-US","potentialAction":[{"@type":"ReadAction","target":["https://www.premioborciani.it/quartetto/quartetto-moser/"]}]},{"@type":"ImageObject","inLanguage":"en-US","@id":"https://www.premioborciani.it/quartetto/quartetto-moser/#primaryimage","url":"https://www.premioborciani.it/wp-content/uploads/moser-quartet-2ok.png","contentUrl":"https://www.premioborciani.it/wp-content/uploads/moser-quartet-2ok.png","width":2540,"height":1338},{"@type":"BreadcrumbList","@id":"https://www.premioborciani.it/quartetto/quartetto-moser/#breadcrumb","itemListElement":[{"@type":"ListItem","position":1,"name":"Home","item":"https://www.premioborciani.it/en/"},{"@type":"ListItem","position":2,"name":"Quartetti","item":"https://www.premioborciani.it/en/quartetto/"},{"@type":"ListItem","position":3,"name":"Moser Quartet"}]},{"@type":"WebSite","@id":"https://www.premioborciani.it/#website","url":"https://www.premioborciani.it/","name":"Premio Borciani","description":"Sito del Premio Borciani","publisher":{"@id":"https://www.premioborciani.it/#organization"},"potentialAction":[{"@type":"SearchAction","target":{"@type":"EntryPoint","urlTemplate":"https://www.premioborciani.it/?s={search_term_string}"},"query-input":{"@type":"PropertyValueSpecification","valueRequired":true,"valueName":"search_term_string"}}],"inLanguage":"en-US"},{"@type":"Organization","@id":"https://www.premioborciani.it/#organization","name":"Premio Borciani - Concorso Internazionale","url":"https://www.premioborciani.it/","logo":{"@type":"ImageObject","inLanguage":"en-US","@id":"https://www.premioborciani.it/#/schema/logo/image/","url":"https://www.premioborciani.it/wp-content/uploads/logo-premio-borciani.svg","contentUrl":"https://www.premioborciani.it/wp-content/uploads/logo-premio-borciani.svg","width":59,"height":134,"caption":"Premio Borciani - Concorso Internazionale"},"image":{"@id":"https://www.premioborciani.it/#/schema/logo/image/"},"sameAs":["https://www.facebook.com/iteatri","https://www.instagram.com/iteatri_reggioemilia/","https://www.youtube.com/channel/UCbPA7Pip_KvV6qwnTZePiaw"]}]}</script>
<!-- / Yoast SEO plugin. -->

Kanon Miyashita, violin&nbsp;Patricia Muro Francia, violin&nbsp;Ariadna Bataller Calatayud, viola&nbsp;Lea Galasso, cello&nbsp; Biography After only three years since their path started, Moser Quartet has been awarded 1st Prize in the International Competition Gran Premi Musical Lauredià, 2nd Prize in the Orpheus Swiss Chamber Music Competition and recently the Special Award “Ambassador Ensemble of the Osaka International [&hellip;]
